
2, 7
Let q be (-40)/(-3) - 2/6. Suppose 4*w - 37 = -3*i, -2*w + 3 = 2*i - q. List the prime factors of w.
13
Let p be 2/8 + 22/8. Suppose p*s - 1 = 5. Suppose -d + s*d = 8. What are the prime factors of d?
2
Let f(q) = q**3 - 2*q**2 - 3*q + 1. Let k be f(3). Suppose c = k + 6. List the prime factors of c.
7
Let a = -279 + 424. What are the prime factors of a?
5, 29
Suppose 3*s - 316 = s - 3*d, 4*s + 3*d - 644 = 0. Suppose -s = -5*m - 3*r, 25 = m - 4*r + 2*r. What are the prime factors of m?
31
Let l(o) = o**3 + 4*o**2 + 5*o + 5. Let h be l(-2). Let f = 3 + -7. List the prime factors of -1*h - 28/f.
2
Let s(d) = d + 14. Let p(t) = t + 6. Let k be p(-6). Suppose -3*w - 2*z - 10 = 0, 4*w - 2*z - 2 - 8 = k. List the prime factors of s(w).
2, 7
Let v = 20 - -32. What are the prime factors of v?
2, 13
Let s be -8*1*(-9)/(-6). Let p(j) = -j**3 - 13*j**2 - 11*j + 16. List the prime factors of p(s).
2
Let o be (3/3)/((-2)/(-4)). Suppose d + 7 = o*d. List the prime factors of d.
7
Let b = -21 - -35. List the prime factors of b.
2, 7
Suppose 0 = 3*w - 6, 4*g + 3*w = 7*w + 216. What are the prime factors of g?
2, 7
Let s(t) = -15*t + 2. Let g be s(-2). Suppose 2*c = v + 14, -4*c + v = -2*v - g. List the prime factors of c.
5
What are the prime factors of ((-80)/(-24))/((-3)/(-36))?
2, 5
Let l(w) = 4*w**2 + 48*w - 18. What are the prime factors of l(-16)?
2, 7, 17
Suppose -5*c - z = 3*z - 146, -c + 25 = 5*z. What are the prime factors of c?
2, 3, 5
Let r = 98 - 59. What are the prime factors of r?
3, 13
Let b(r) = 204*r**2 + 3*r - 1. What are the prime factors of b(1)?
2, 103
Let w(k) = 7*k - 14. Let q be w(12). Let p = q + -42. List the prime factors of p.
2, 7
Suppose -n = 3*n + 4*l, 5*n - 5*l = 40. Suppose h - n*h + 144 = 3*y, -3*y + 15 = 0. What are the prime factors of h/5 - 10/(-25)?
3
Suppose -112 = -h + 5*o, -78 = 2*h - 2*o - 334. What are the prime factors of h?
2, 3, 11
Let y(d) be the second derivative of d**7/2520 + d**6/360 + d**5/30 - d**4/6 - 2*d. Let k(j) be the third derivative of y(j). List the prime factors of k(-3).
7
Let g(c) = 4*c**2 - c**2 - 2*c**2 - 2 + 7 + 3*c. What are the prime factors of g(-4)?
3
Let j = -95 - -163. List the prime factors of j.
2, 17
Let i be 210/(-4)*(-12)/15. Suppose 0 = 5*a + 5*z - 185, -a + i = -2*z + 4*z. What are the prime factors of a?
2
Let u(s) = -s**3 - 5*s**2 - 5*s. Let k be u(-4). Let j(c) = -c**2 + 3*c - 2. Let y be j(k). Let h = y + 18. What are the prime factors of h?
2, 3
Let g(x) = x**2 - 6*x + 2. What are the prime factors of g(7)?
3
List the prime factors of 96/(-1)*(7/(-2) - -3).
2, 3
Let q = -3 - -6. Suppose 4*f + 0*f + 4*h = 52, q*f = h + 43. What are the prime factors of f?
2, 7
Suppose x - 117 = 86. List the prime factors of x.
7, 29
List the prime factors of (-4)/(-14)*(-1 + 204).
2, 29
Suppose -2*o + 2*w + 546 = 0, -2*w - w + 521 = 2*o. List the prime factors of o.
2, 67
Let j(d) = -3*d + 3. Let t be j(-7). Let n = 4 + t. List the prime factors of n.
2, 7
Let k = 24 - 2. Suppose -2*y = -m - 20, -14 - k = -2*y + 5*m. What are the prime factors of y?
2
Let c be 6 - (0 - 3 - -5). Suppose -5*d + 0*w + 5*w + 110 = 0, 2*d + c*w = 44. What are the prime factors of d?
2, 11
Let m be 3/9 - 382/(-6). Suppose 3*j = -j + m. List the prime factors of j.
2
Let d(k) = 3*k - 1. Suppose 3*f + 0*f = 0. Suppose 4*j - 8 = -f. What are the prime factors of d(j)?
5
Suppose 4*a - 15 = 13. List the prime factors of a.
7
Suppose 2*o - 4*a = 318, 5*o - 5*a - 632 - 173 = 0. List the prime factors of o.
163
Suppose 60 = 16*t - 11*t. Suppose 3*r - t = 2*k, 5*r + 0*k = k + 20. List the prime factors of r.
2
Let d(i) be the first derivative of 2*i**3/3 + 7*i**2/2 - 4*i - 2. Let u be d(-6). Suppose -4*p + 4*x = p - u, -5*x + 29 = 4*p. What are the prime factors of p?
2, 3
Let l(j) = -j**2 - 7*j + 1. Let o be l(-7). List the prime factors of -2 + (2 - o) + 22.
3, 7
Suppose -4*y = -5*y + 53. What are the prime factors of y?
53
Let w be (2 - 4)*(-23 + -3). Suppose 13 = -3*t + w. What are the prime factors of t?
13
Let v be (48/(-10))/(54/(-180)). Suppose v*d + 150 = 19*d. List the prime factors of d.
2, 5
Let u be 0 - (4 + (-12 - -4)). Suppose -34 = -u*t - 6. List the prime factors of t.
7
What are the prime factors of (-24)/18*(-24)/2?
2
List the prime factors of (-81*1)/(-4 - -3).
3
Let a be 4/(-12) - 16/(-3). Suppose 3*z + 7 = a*k - 1, -4 = 3*z - 4*k. List the prime factors of z.
2
Suppose -4*d - 41 + 209 = 0. List the prime factors of d.
2, 3, 7
Suppose 0 = -3*m + 20 - 8. Suppose 0 - 16 = m*z. Let s = -1 - z. List the prime factors of s.
3
Let c = 14 - -85. List the prime factors of c.
3, 11
Let m(c) be the first derivative of 4/3*c**3 - 2 + 0*c - c**2 + 1/4*c**4. List the prime factors of m(-4).
2
Let o(f) = -f + 4. Let h be o(3). Let b be ((-5)/(-2))/(h/(-4)). Let r = b - -24. List the prime factors of r.
2, 7
Let y(z) = -61*z - 15. List the prime factors of y(-3).
2, 3, 7
Suppose -4*x + 0*j = 4*j - 12, 0 = -4*x + 2*j + 6. List the prime factors of 136/(-12)*(-3)/x.
17
Let p(r) = 13*r - 59. What are the prime factors of p(9)?
2, 29
Let x be (-120)/(-16) - (-3)/(-2). Let o(f) = f**3 - 5*f**2 - 3*f + 9. List the prime factors of o(x).
3
Let v be (-2 + 1)/(-3)*-3. Let b be 8 + -1*(0 + v). Suppose 0 = -3*w + 4*h + 25, -w - h + 2*h = -b. What are the prime factors of w?
11
Let y(q) = q**2 + 5*q + 9. What are the prime factors of y(-3)?
3
Let v(r) = -r**2 - 14*r + 16. What are the prime factors of v(-11)?
7
Let d(f) = f**2 + f + 1. Let n be d(0). Let x(q) = -q + 1. Let i be x(n). Suppose -5*h + 4*r + 32 = i, 2*h - 18 = -r - 0. List the prime factors of h.
2
Suppose -4*k + 60 = -3*k. Suppose -5*s = -s - k. List the prime factors of s.
3, 5
Suppose 0*j - 5*j - 155 = -4*l, -2*j + 134 = 4*l. What are the prime factors of l?
5, 7
Let j(n) = 2*n - 1. Let a = -2 - -5. Let t be ((-4)/a)/(2/(-3)). List the prime factors of j(t).
3
Let a(w) be the second derivative of w**3/6 - 6*w**2 - w. Let z be a(12). Suppose -s + 0 + 3 = z. What are the prime factors of s?
3
Suppose 0 = 4*g + 5*o - 100, -2*g - 3*g + 125 = o. What are the prime factors of g?
5
Let b = 528 + -175. What are the prime factors of b?
353
Suppose 0*x = 3*x - 201. Suppose -4*p + 93 = -x. Let r = -29 + p. List the prime factors of r.
11
Suppose 12 = -4*c - 0*c. What are the prime factors of -3 - -5 - (c + -23)?
2, 7
Suppose 20 = -4*t + 6*t. Suppose 5*c = 5*b - t, 3*c + 1 + 5 = -4*b. Suppose -3*l - 10 = 5*a, 6*l - 2*l - 5*a - 45 = b. List the prime factors of l.
5
Let k be (-2)/(8/(-12)) + 10. Suppose k = -u + 3*q + 32, 0 = -3*q + 15. List the prime factors of u.
2, 17
Suppose 0 = -8*n + 3*n + 20. Suppose 47 - 7 = 5*q - 5*t, -4*t = n*q - 64. List the prime factors of q.
2, 3
Suppose 0 = 4*w, 2*m + 0*w + 2*w = 26. What are the prime factors of m?
13
Suppose -4*f + 5 = -w, -5 = 2*f - 4*w + 3. Suppose -7 = -f*v + 25. What are the prime factors of v?
2
Let b = -2 + -6. Let q = 14 + b. List the prime factors of q.
2, 3
Suppose d - 5*d + 3*o = -25, -3*d = 5*o + 3. Suppose -q + d = 2*n, -q + 0*q - 3*n = -3. List the prime factors of q.
2, 3
Suppose 3*l + 0*l - 3*i = 144, l + 2*i = 42. List the prime factors of l.
2, 23
Suppose 2*v = -0*v + j + 3, 4*v - 4*j - 4 = 0. Suppose -33 - 15 = -v*y. List the prime factors of y.
2, 3
Let c(m) = -18*m + 31. List the prime factors of c(-10).
211
Let w = -5 - -30. Suppose -2*d + 4*d = 0, -5*h + d = w. Let r(c) = c**3 + 4*c**2 - 6*c. List the prime factors of r(h).
5
Let m(v) = v**2 - v. Let u be m(2). Let l = -3 + 6. Let f = l + u. List the prime factors of f.
5
Suppose -3*q = -4*q. Suppose q = -j + 4*j + 3*y - 15, -y = 2*j - 9. Suppose -j*a - 14 = -5*a + 3*x, 0 = -5*a + 5*x + 30. List the prime factors of a.
2
Suppose 422 = 5*l + 17. List the prime factors of l.
3
Let d(x) = -x**2 + 8*x - 7. Let q be d(6). Suppose q*a - 3*k + 57 = -0*k, -2*a + 2*k = 22. What are the prime factors of ((-28)/6)/(8/a)?
7
Suppose 5*h = 0, 3*h - 4*h = 3*c - 12. Suppose 0 = -5*w + c*w + 43. List the prime factors of w.
43
Let m = -4 - -14. List the prime factors of m.
2, 5
Suppose 10*n - 5*n = 65. List the prime factors of n.
13
Let m be (-2 + 1)/(1/17). Let i = 43 + m. Suppose 2*k + p = i, 3*k - 13 = 3*p + 2*p. List the prime factors of k.
11
Suppose -3*b